e remainder when a is divided by 9.
6
Suppose -2*l + y + 87 = 6, -75 = -2*l - y. Suppose 5*g + 761 = -l. What is the remainder when 12/(-9) - g/12 is divided by 7?
5
Let k be ((-16)/24)/((-24)/9 - -2). Let g(p) = 45*p + 8. What is the remainder when g(k) is divided by 20?
13
Suppose -49*k + 50 + 4183 = -3950. Calculate the remainder when 240 is divided by k.
73
Let q = 1598 - 1286. What is the remainder when q is divided by 57?
27
Let i = -16431 - -16452. Calculate the remainder when 673 is divided by i.
1
Let h = 3 + -1. Let u(m) be the first derivative of 17*m**2 - 299*m - 231. Calculate the remainder when u(9) is divided by h.
1
Let u(w) = -w**3 + w**2 - 2*w + 2. Let v be u(0). Suppose -v*d - 152 = -6*d. What is the remainder when d is divided by 8?
6
Let i = -14263 + 14277. Calculate the remainder when (-7 - -3)*(-11 + 1) is divided by i.
12
Suppose 57*t + 35*t = 77096. What is the remainder when t is divided by 139?
4
Let u = 44 + -29. Suppose -27*i = -724 - 788. What is the remainder when i is divided by u?
11
Let i = 547 + -543. Suppose -1 = -r + 4*p, 6*p = -2*r + i*p + 52. Calculate the remainder when 36 is divided by r.
15
Suppose 7 = 3*s + 1. Suppose -u + 5*j = -66, -2*u + j + s*j = -118. What is the remainder when u is divided by 13?
4
What is the remainder when (-3 + 2612)/(-49 + 50) is divided by 45?
44
Let x(r) = -131*r + 4673. What is the remainder when 994 is divided by x(33)?
294
Suppose 0 = -35*x - 679 + 1239. Calculate the remainder when 118 is divided by x.
6
Let y(d) = -2*d**3 - 91*d**2 + 41*d - 30. Suppose -10*c + 11*c - 68 = 0. Calculate the remainder when y(-46) is divided by c.
64
Let k be (-24)/(-120) + (-24)/(-5). Suppose -5*z = -15 + 40, k*y - 80 = 3*z. Calculate the remainder when y is divided by ((-3)/5)/((-5)/25).
1
Suppose -15 = -12*v + 7*v. Suppose -3*c = l + 11 - 36, -v*c + 2*l = -31. What is the remainder when 97 is divided by c?
7
Let b = 12104 + -12016. What is the remainder when 289 is divided by b?
25
Suppose 0*b - 3*b = -198. Let z = 36 + b. Suppose -4898 = -840*o + 2733 + 4969. Calculate the remainder when z is divided by o.
12
What is the remainder when 2595 is divided by (-7090)/(-30) + (12/9)/(-4)?
235
Suppose -188*i = -202*i + 12152. What is the remainder when i is divided by 324?
220
Let j(i) = -17*i + 280. What is the remainder when 291 is divided by j(13)?
55
Suppose 18*g - 1387 = -1306 + 2799. Calculate the remainder when 309 is divided by g.
149
What is the remainder when 180 - ((4 - 7) + 11) - -9 is divided by 120?
61
Let b = -6648 + 6856. Calculate the remainder when 589 is divided by b.
173
Let p(r) be the first derivative of 9/2*r**2 + 4 + 29*r. Calculate the remainder when p(8) is divided by 17.
16
Let m = 500 - 1026. Let s = 738 + m. What is the remainder when s is divided by 36?
32
Let m = -3547 + 3575. What is the remainder when 57 is divided by m?
1
Suppose a + 2*a = 6. Suppose -104 = -4*z - 5*k, 3*z - 89 = -a*z + 4*k. Calculate the remainder when 122 is divided by z.
17
Let i(y) = 20*y + 6. Suppose -3*p + 288*h = 286*h - 44, -2*p = -5*h - 22. Calculate the remainder when i(6) is divided by p.
14
Let i(s) = -s**2 - 7 + 2 + 1 - s**3. Let x be i(3). Calculate the remainder when 33 is divided by -3 + 5 - x/4.
9
Suppose 7*x - 4 = 10. Let n(f) = -12 - 1 + 11 + 22*f. Calculate the remainder when 207 is divided by n(x).
39
What is the remainder when (717/4)/((-4)/6 - 561/(-396)) is divided by 124?
115
Let o(a) = 2*a**2 - 8*a - 30. What is the remainder when 248 is divided by o(-3)?
8
Suppose -48320*w - 640 = -48384*w. Let l(v) = 34*v**2 - 2*v - 2. Calculate the remainder when l(3) is divided by w.
8
Let v = 7619 + -7192. Calculate the remainder when v is divided by 27.
22
Let g be 2/(-27) - 28658/(-1242). Let i = 25 + g. Let t = 17 + -10. What is the remainder when i is divided by t?
6
Let n = -13 + 911. Suppose -2*d - 5*c + 19 = 0, c - 32 - 7 = -2*d. What is the remainder when n is divided by d?
18
Let l be 90/4*10/15. Let h be (1 + -2)*(l + -22). What is the remainder when 29 is divided by h - 5/((-20)/(-8))?
4
Let i be 12/(-108) - 38/(-18). What is the remainder when 71 is divided by (-7304)/(-484) - i/22?
11
Suppose 1 = -c, -38 = 3*h - c - 180. Calculate the remainder when 465 is divided by h.
42
Suppose 3*d - 3*c - 72 = 0, -2*d + 13 = -22*c + 13*c. Calculate the remainder when 1071 is divided by d.
27
Calculate the remainder when (12/8)/((-30)/(-15760)) is divided by 28.
4
What is the remainder when 108/27 - 2638/(-2) - -3 is divided by 16?
14
Suppose 44*f + 17279 = 18731. Calculate the remainder when 990 is divided by f.
0
Suppose g - 54 = s, -3*g - g = -s - 51. Let a = s + 126. Let d(o) = 8*o**2 + 2651*o - 20667. Calculate the remainder when a is divided by d(-339).
11
Suppose -r + 168 = 2*r. Suppose -1440*k - 21252 = -523*k - 467*k - 527*k. What is the remainder when k is divided by r?
52
Suppose 0 = -m + 3*m - 214. Suppose -y + 60 + m = 0. What is the remainder when y is divided by 46?
29
Calculate the remainder when ((-17380)/(-330))/(2/6) is divided by 10.
8
Let w(i) = 2*i - 6. Let k be w(4). Let n(f) = -900*f**3 - 4*f + f + 2*f**2 + 4 + 2*f**2 + 907*f**3. Calculate the remainder when n(k) is divided by 18.
16
Let g be 2/(-3 - -1) + (-221)/1. Let n = g - -441. Calculate the remainder when n is divided by 25.
19
Let x be (1/((-4)/(-6)))/((-6)/16). Let s(v) = v**2 - v + 9. Let y be s(x). Suppose -m = -y - 80. What is the remainder when m is divided by 22?
21
Let j(z) = 7*z**2 - 43*z - 92. Calculate the remainder when 78 is divided by j(8).
6
Let v be 6/(-27) + 190/45. Suppose -4*o + 4*q + 498 = 6*q, v*q = -5*o + 630. Calculate the remainder when o is divided by 41.
40
Let o(h) = -4*h - 29 + 1055*h**2 + 24*h - 1057*h**2. Let f(c) = c + 14. Calculate the remainder when o(5) is divided by f(0).
7
Let z = 11044 - 10868. Calculate the remainder when z is divided by 34.
6
Suppose -3*i + 6*o - 9*o = -168, i - 60 = -3*o. Suppose -31*p + 33*p = i. What is the remainder when 71 is divided by p?
17
Let s(k) = 3*k**3 + 6*k**2 + 134*k - 429. Suppose -5*x = -5*p + 163 - 23, 4*p - 94 = -2*x. Calculate the remainder when s(3) is divided by p.
8
Suppose 3*c - 2*q = -4*q + 11, 0 = q - 1. Suppose -c*z = -5*n - 477, 2*z - 4*n - n = 318. Calculate the remainder when z is divided by 41.
36
Suppose -2*g + 23 + 47 = 0. Suppose -8*s - 3 = -g. What is the remainder when 69 is divided by s?
1
Let r = 2 + 42. Let q = r - 21. Suppose v - 140 = -2*n, -400 = 2*v - 5*v + 4*n. What is the remainder when v is divided by q?
21
Suppose 0 = -4*c + i - 15, 2 - 23 = 4*c + 5*i. Let q be c/(-10) + (-13)/((-65)/38). Suppose -q*o = -1607 - 41. What is the remainder when o is divided by 16?
14
Let x = 29 - -1. Let w(n) = 83*n - 2016. What is the remainder when w(25) is divided by x?
29
Let g = 42 + -102. Let d = 107 + g. What is the remainder when d is divided by 21?
5
What is the remainder when 435 is divided by -2*(50/(-60))/5*681?
208
Let s(b) = 164*b**2 + 4*b + 6. Calculate the remainder when s(-3) is divided by 67.
63
Calculate the remainder when 512 is divided by -3*6/(-9) - (-203 + 1).
104
Suppose 37*v + 60993 = 118*v. What is the remainder when v is divided by 29?
28
Let f(g) = -355*g + 1839. Calculate the remainder when 1019 is divided by f(5).
59
Suppose 30*j + 22347 = 79857. What is the remainder when j is divided by 24?
21
Let d(w) = 964*w**2 - 697*w - 1396. What is the remainder when d(-2) is divided by 1922?
10
Suppose 11*h - 3842 = 107. Suppose -h = -32*a + 57. What is the remainder when 36 is divided by a?
10
Let d be -3 - (8/40)/((-2)/(-10)). What is the remainder when 145 is divided by (0 - d - -45)*1?
47
Let f(q) = 14*q**2 - 9*q - 1. Let p be f(1). Suppose x = -3*d + 43, 9*d - 7*d - p*x = 10. What is the remainder when 60 is divided by d?
8
Suppose 12 + 4 = -4*a. What is the remainder when 166 is divided by 10/a*840/(-50)?
40
Suppose 3*g - 4*x = 23 + 17, 3*g - x = 37. Suppose -y = 3*y - z - g, z = -4. Calculate the remainder when y*6/(-4) - -29 is divided by 7.
5
Let n(f) = -3*f**2 - 20*f - 11. Let k(l) = -2*l + 1. Let q be k(-11). Suppose -8 = q*g - 24*g. Calculate the remainder when n(-5) is divided by g.
6
Suppose -39*p + 44*p - 225 = 0. What is the remainder when 210 is divided by p?
30
Suppose -w +